et c be i(x). Let o = -104 + 148. What is the highest common divisor of o and c?
4
Let a = 28 - 67. Let q be (12/9)/((-2)/a). What is the greatest common divisor of 13 and q?
13
Let s(u) = -3*u**3 - 3*u + 16*u - 21 + 0*u + 4*u**3 + 16*u**2. Let y be s(-15). Let c be 7 + (-1)/(-1) - -1. Calculate the greatest common divisor of c and y.
9
Suppose -5*k - 2*z + 10 = 0, -2*k - 4*z = 3*k. Let q be 23 + k/(-2 - 0). What is the greatest common divisor of 21 and q?
21
Let v(w) = w**2 - w + 63. Let f be v(0). Let g = -19 + -30. Let u be 61/7 + (-14)/g. Calculate the greatest common factor of u and f.
9
Let k = -72 + 172. Let a(f) = -2*f - 16. Let s be a(-13). What is the greatest common divisor of s and k?
10
Suppose -3*q + 6 = -0. Let u be ((-3 + 33)*1)/q. Calculate the highest common factor of 75 and u.
15
Let l(t) = -t**3 - 8*t**2 - 10*t - 13. Let f be l(-7). Let s be 3*1 - 3/3. Suppose s*b + 16 = 6*b. Calculate the highest common divisor of b and f.
4
Let i = -4 + -2. Let o(c) = 2*c - 5. Let y(g) = -g + 3. Let d(p) = -5*o(p) - 8*y(p). Let j be d(i). Calculate the highest common divisor of j and 39.
13
Let b(f) = -5*f**3 + f**2 + 2*f - 1. Let r be b(-2). Let p = -33 - -59. What is the greatest common divisor of r and p?
13
Let r(h) = h**3 - 22*h**2 - 21*h - 38. Let k be r(23). Suppose 3*j - 4*n = -2 - 7, 5*j - 2 = n. Calculate the greatest common divisor of k and j.
1
Let c be (1 - 4)/((-6)/(-4)). Let s be c/6 - (-122)/6. Calculate the highest common factor of 100 and s.
20
Let s = 30 + -20. What is the highest common factor of s and 60?
10
Suppose -899 + 158 = 3*l. Let a be 6/(-21) + l/(-7). Suppose 2*w + 3*i - 4*i - 10 = 0, -w + i = -3. What is the greatest common divisor of a and w?
7
Suppose -12*o + 15*o - 153 = 0. Suppose -5*r + 3*w + 50 = 0, -w - 4*w = 2*r - o. Let g = 122 + -18. Calculate the highest common factor of g and r.
13
Suppose -q = -8*q + 112. What is the greatest common divisor of q and 32?
16
Let p = 87 + -163. Let m = -41 - p. What is the greatest common divisor of m and 14?
7
Suppose 27 = s - 73. Let o = 74 + -9. Let u = o + -45. What is the highest common divisor of u and s?
20
Let c(r) = -r**2 - r + 7. Let g be c(0). What is the greatest common factor of 21 and g?
7
Suppose -714 + 294 = -5*j. Let h be 6/10 - j/(-35). Calculate the highest common divisor of 15 and h.
3
Let m be (-2)/(-1) - (-6)/3. Suppose 3*d = 4*d - 8. Let s = d + -6. What is the greatest common factor of s and m?
2
Let a(x) = -x**3 + 5*x**2 - 4*x + 2. Let y be a(2). Let u be (-4 - 77)/((27/(-6))/3). Calculate the greatest common divisor of y and u.
6
Suppose 2*l = -3*l + 595. Suppose -99 = -3*i + 2*n + n, -3*i - n + l = 0. Let j = -24 + i. What is the highest common divisor of j and 56?
14
Let v(z) = z**3 + 7*z**2 + 9. Let a be v(-7). Suppose -2*k + a = -5. Calculate the highest common factor of k and 35.
7
Let v be (2/4)/(9/90). What is the highest common factor of v and 25?
5
Suppose -2*p + 60 = 3*j + p, -4*p = 2*j - 40. What is the greatest common divisor of 5 and j?
5
Let u be (-765)/(-34) + (-3)/2. Calculate the highest common divisor of 6 and u.
3
Let p(t) = -t**2 + 4*t + 3. Let a be p(-7). Let c = a + 118. Calculate the highest common divisor of c and 4.
4
Suppose -106 = -4*n + 46. Calculate the greatest common factor of 2 and n.
2
Suppose -2*w - 34 = -4*w - 3*l, 0 = -5*w - 5*l + 90. Suppose 401 = 2*s + 5*c + 61, -5*s - 2*c = -808. Calculate the greatest common divisor of s and w.
20
Suppose -120 = -8*z + 6*z. Calculate the greatest common divisor of 45 and z.
15
Suppose 318 = p + 3*r, r = -p - 0*p + 322. Suppose 5*d - 51 = p. Suppose -36 = -2*b - 0*q - 4*q, 5*q = 5*b - d. What is the greatest common divisor of 4 and b?
4
Suppose 5*u + 4*r = -r - 15, -u - 2*r - 8 = 0. Let f be (-1 + u)*(5 + 88). Suppose -4*d + f = -99. What is the greatest common factor of 8 and d?
8
Let a be 10*(1 - (-6)/10). Let c = 60 - 44. Calculate the greatest common factor of c and a.
16
Suppose 175*b = 172*b + 6. Suppose 4*l - 15 = 5. Suppose -l*i - c = -i - 8, 4*c = i - 2. What is the greatest common factor of i and b?
2
Let o(i) = i**2 + 3*i - 5. Let b be o(-5). Suppose 5*g = k + 51, -5 - 17 = -2*g + 2*k. Calculate the greatest common factor of g and b.
5
Suppose 3*j = -j + 16. Suppose -2 + 71 = 3*p + 5*w, -j*w = -p + 6. Let c be (-11089)/(-247) - 4/(-38). Calculate the greatest common divisor of c and p.
9
Let k(s) = s**3 - 3*s**2 + 4. Let d be k(3). Suppose 5 = -y + 9. What is the greatest common divisor of d and y?
4
Suppose 109 = -5*n + 194. What is the highest common factor of 34 and n?
17
Let q(c) = -3 - 4*c + 11*c + 0*c + 20*c. Let s be q(4). Calculate the highest common divisor of s and 15.
15
Suppose -2*t = -4*v - 3*t + 1, 3*v - 2*t = 9. Calculate the highest common divisor of 9 and v.
1
Suppose -2*i + 40 = c + 3*c, -i + 5*c - 15 = 0. Suppose i + 6 = 4*s. Calculate the greatest common factor of 16 and s.
4
Let o(b) = -2*b**2 + b + 84. Let g be o(0). Calculate the greatest common factor of g and 24.
12
Suppose 0*o = -4*o + 140. Calculate the greatest common divisor of 14 and o.
7
Let p(n) = n**3 + 8*n**2 + 8*n + 8. Let k be p(-7). Let c(h) = h + 6. Let r be c(-5). Let t be r - (-2)/(-4)*-2. What is the greatest common divisor of k and t?
1
Let a = 11 + -6. Suppose 5*r + 0 - a = 0. Suppose 4*t + z - 16 = -2*z, -t + z + 4 = 0. What is the greatest common factor of t and r?
1
Let z be (4 - 39/6)*-12. Calculate the greatest common factor of z and 75.
15
Let z(r) = r + 10. Let b be z(-7). Suppose -b*o + 36 = o. Calculate the greatest common divisor of 99 and o.
9
Let b(c) = 7*c + 2. Let p be b(-3). Let d = p + 35. Let r be ((-21)/(-2))/(6/d). What is the greatest common factor of r and 7?
7
Suppose 0 = 5*p + 12 + 23. Let x = 12 + p. Let m(y) = -y**3 - 6*y**2 + 7*y + 10. Let l be m(-7). What is the greatest common divisor of l and x?
5
Let k = -31 + 43. Calculate the highest common factor of k and 96.
12
Suppose r = -r + 4*a + 66, -2*r + 26 = 4*a. What is the greatest common factor of 184 and r?
23
Let m be (-168)/60*(0 + -5). What is the greatest common factor of m and 98?
14
Suppose -v + 24 = 4*q, -v + 5*q + 0*q - 21 = 0. Suppose g - v = -3*g. What is the highest common divisor of 11 and g?
1
Suppose -7*o - 391 = -5*n - 3*o, -2*n - 2*o + 142 = 0. What is the highest common factor of 25 and n?
25
Suppose 4*h + h - 5*l = 85, 2*h + 2*l - 50 = 0. What is the highest common factor of h and 7?
7
Let p be (12/15)/(2/10). Suppose 55 = 3*l + p. Calculate the highest common divisor of l and 136.
17
Suppose -2*c = -1 + 3. Let o(v) = -6*v - 1. Let i be o(c). Suppose -i*g + 30 - 5 = 0. What is the highest common factor of 10 and g?
5
Let r(j) = 29*j**2 + 4*j + 2. Let c be r(4). Suppose 5*m - c = -5*a - 57, -3*m - 2*a = -258. What is the highest common divisor of m and 8?
8
Let f(i) = -17*i + 1. Let l(o) = -o**2 + 7*o - 7. Let m be l(6). Let p be f(m). Calculate the greatest common factor of 45 and p.
9
Let w = 16 + 0. Let h = 0 + 2. Suppose -124 = -5*j + h*m - m, 4*j - 112 = 4*m. Calculate the greatest common divisor of w and j.
8
Suppose m - 5 - 5 = 0. What is the highest common factor of 80 and m?
10
Suppose -3*i + 27 = 4*k, k - 17 = -k - 5*i. Let l = k - 3. Suppose -l*u = -5 + 2. What is the highest common factor of u and 1?
1
Let b be 4 - (-2 + 1) - 2. Suppose 7*c - 2*c = 3*p - 30, 2*p - 10 = 0. Let n = c + 5. What is the greatest common divisor of n and b?
1
Let v(w) = -16*w + 6. Let s = 3 + -2. Let d be (s - -1)/(4/(-22)). Let x be v(d). What is the greatest common divisor of 26 and x?
26
Suppose 0 = -0*n - 3*n + 6. Let b = n + 3. Suppose -3 = -3*t + 102. What is the highest common divisor of b and t?
5
Let k = 198 + -193. What is the greatest common factor of 5 and k?
5
Suppose 2*r - 33 = -5*t + 5*r, r = -4*t + 23. Let v be 10/4 - 3/t. Calculate the highest common divisor of v and 4.
2
Suppose -2*c + 31 = -73. What is the highest common factor of 39 and c?
13
Let i be (1 - 1) + (3 - 0). Let o = -5 + 29. Suppose 4*t - 7*y + i*y = 48, -2*y + o = 2*t. What is the greatest common factor of t and 108?
12
Suppose l = p + 9, l + 3*p - 5*p = 8. What is the highest common divisor of l and 70?
10
Let k = 38 - 22. What is the greatest common divisor of k and 128?
16
Suppose -6 = -c + 